rime number?
False
Is 166142441293 composite?
True
Is 487808026 composite?
True
Is 420736363 composite?
False
Is 12649321301 a prime number?
True
Is 29554575541 a prime number?
False
Is 2023977167 a prime number?
True
Is 984740111 a prime number?
False
Is 94704836917 prime?
False
Is 1496975721 prime?
False
Is 698057453 a composite number?
False
Is 19237981757 a prime number?
True
Is 21492121867 prime?
False
Is 32505945881 prime?
True
Is 4154784839 a prime number?
True
Is 3158975947 a composite number?
False
Is 2781070757 prime?
False
Is 497051177 prime?
False
Is 551923657 a composite number?
False
Is 194635291 composite?
True
Is 1431619883 composite?
True
Is 749879951 composite?
False
Is 7526718281 a composite number?
False
Is 13468732091 a prime number?
True
Is 2941043731 prime?
False
Is 2658294221 a composite number?
True
Is 137522387 a composite number?
False
Is 109610671 composite?
True
Is 279846341 composite?
False
Is 10888191617 a composite number?
False
Is 10026998899 a prime number?
True
Is 11370193269 composite?
True
Is 1077164053 prime?
False
Is 5723464451 a prime number?
True
Is 654722839 composite?
True
Is 3238001659 a composite number?
True
Is 2796722657 composite?
True
Is 8696838119 a composite number?
True
Is 1133311279 a prime number?
True
Is 6082210867 composite?
True
Is 800412433 a composite number?
False
Is 2272000667 composite?
False
Is 1420449431 composite?
False
Is 1592371867 a composite number?
False
Is 231401426407 composite?
False
Is 314670998 composite?
True
Is 845217497 composite?
True
Is 607289239 a prime number?
True
Is 7771972179 a prime number?
False
Is 9891497437 composite?
False
Is 221007781 a prime number?
True
Is 35213666189 a prime number?
False
Is 378778637 prime?
True
Is 19446716045 a composite number?
True
Is 82658437087 a prime number?
False
Is 309702389 prime?
False
Is 51932706347 composite?
False
Is 5553428117 a composite number?
False
Is 47017922689 a composite number?
False
Is 157431967793 composite?
True
Is 3237112367 a prime number?
True
Is 325802483 a prime number?
True
Is 113878123087 a prime number?
True
Is 129324864147 a composite number?
True
Is 1250844677 prime?
False
Is 140918176759 composite?
True
Is 23355920747 a composite number?
True
Is 638870017 a prime number?
True
Is 22445121143 composite?
True
Is 2689658293 a composite number?
True
Is 266309761 a prime number?
False
Is 610988489 a composite number?
False
Is 211371499 a composite number?
True
Is 815758103 prime?
False
Is 8643817811 a composite number?
True
Is 15591581371 prime?
False
Is 299428231 prime?
True
Is 3532366621 composite?
True
Is 898601287 a composite number?
False
Is 197017069 composite?
False
Is 30826477 a composite number?
True
Is 1160266061 prime?
True
Is 14226446501 prime?
True
Is 1823830901 prime?
True
Is 4237399367 composite?
True
Is 3552492283 prime?
False
Is 1418009447 a prime number?
True
Is 430754209 composite?
False
Is 225875467 composite?
True
Is 6045249163 a prime number?
True
Is 43777710181 prime?
True
Is 7097235329 a prime number?
False
Is 2969393887 a composite number?
False
Is 7093743427 prime?
True
Is 12297610147 a prime number?
False
Is 21552002153 composite?
True
Is 9203449627 prime?
True
Is 60600957721 composite?
False
Is 2491396883 prime?
False
Is 522376843 prime?
False
Is 82762820139 a composite number?
True
Is 1465653941 composite?
False
Is 39047159621 a prime number?
True
Is 4591676371 prime?
False
Is 357614819 composite?
True
Is 16523473943 prime?
True
Is 1558570357 prime?
False
Is 44556146207 a composite number?
True
Is 351296317 a composite number?
False
Is 10197786889 a prime number?
False
Is 47576276647 prime?
True
Is 170716699 a composite number?
False
Is 179894081 composite?
False
Is 1349012663 composite?
False
Is 3275718773 a prime number?
True
Is 1078410689 a prime number?
False
Is 20225800117 a prime number?
True
Is 1860790181 a composite number?
False
Is 8127382999 a prime number?
True
Is 42943754929 prime?
True
Is 21498854383 composite?
True
Is 194269697 composite?
False
Is 6925837199 composite?
False
Is 435890509 prime?
True
Is 267350753 a composite number?
True
Is 925369931 composite?
False
Is 3337423262 prime?
False
Is 1923455749 a prime number?
True
Is 22125034241 a composite number?
True
Is 49997137 a composite number?
True
Is 371408291 a prime number?
False
Is 293170181 a prime number?
False
Is 3516331163 prime?
False
Is 568462483 a prime number?
True
Is 15333332071 prime?
True
Is 1022203351 composite?
True
Is 283826369 a composite number?
False
Is 2825525447 a composite number?
False
Is 304048891 a composite number?
True
Is 2284150903 prime?
True
Is 227235545189 prime?
True
Is 58010110073 a prime number?
True
Is 130253154727 a prime number?
True
Is 780369857 a prime number?
True
Is 2027061193 composite?
True
Is 2242010879 a prime number?
True
Is 25690256057 a composite number?
True
Is 25130487583 composite?
True
Is 878531239 a composite number?
False
Is 2886623447 prime?
True
Is 439433857 a composite number?
True
Is 61481118427 a prime number?
False
Is 27540362621 composite?
False
Is 536530723 a composite number?
False
Is 61854659 a prime number?
False
Is 372289481 composite?
False
Is 58839013 composite?
False
Is 100857491401 a composite number?
True
Is 9591216235 a composite number?
True
Is 627485669 composite?
True
Is 110383489 a composite number?
False
Is 4940706293 composite?
True
Is 2279408249 a prime number?
True
Is 178242866 prime?
False
Is 152840327 composite?
False
Is 2627050757 composite?
False
Is 719118259 prime?
True
Is 25767463867 a composite number?
False
Is 400627301 prime?
False
Is 177642301 a composite number?
False
Is 65785188341 a prime number?
True
Is 150924813433 composite?
False
Is 1847050997 a composite number?
True
Is 13735595039 prime?
True
Is 5003470397 composite?
True
Is 32732090353 a prime number?
True
Is 29341768361 composite?
True
Is 137401961 a prime number?
True
Is 137971606589 a prime number?
True
Is 3802754863 a composite number?
False
Is 693093017 a composite number?
True
Is 57258958537 a prime number?
False
Is 78342601439 composite?
False
Is 1934582927 composite?
False
Is 1088672647 composite?
True
Is 16483161293 a composite number?
False
Is 11413926263 a prime number?
True
Is 524858743 a composite number?
False
Is 1076996353 prime?
True
Is 293974459 prime?
False
Is 888178553 composite?
True
Is 1188585767 composite?
False
Is 48770803 prime?
True
Is 44695060367 a composite number?
False
Is 29346218423 a composite number?
False
Is 7741007689 a prime number?
True
Is 2827657171 prime?
False
Is 756329681 a prime number?
False
Is 14111810191 a composite number?
True
Is 2784064493 a composite number?
True
Is 10228721701 a composite number?
True
Is 358079431 prime?
True
Is 2345328173 composite?
False
Is 6271864019 prime?
True
Is 290905739 prime?
True
Is 23721199373 a prime number?
False
Is 1284174961 a composite number?
True
Is 120927955 prime?
False
Is 9819838583 a composite number?
False
Is 425551603 composite?
False
Is 6581900189 a composite number?
True
Is 21578983763 composite?
False
Is 780424721 prime?
False
Is 5625676937 composite?
False
Is 259443386 a prime number?
False
Is 1115345393 composite?
False
Is 18267160357 prime?
False
Is 2555260301 composite?
True
Is 51934251 a prime number?
False
Is 1520773367 composite?
True
Is 809069449 prime?
True
Is 129128579963 a prime number?
False
Is 5066084093 a prime number?
False
Is 13895798363 composite?
True
Is 43616421155 a composite number?
True
Is 11367196369 prime?
True
Is 4491441049 a composite number?
False
Is 1471354741 prime?
False
Is 1732547963 composite?
False
Is 13149054167 a composite number?
False
Is 27526229671 a composite number?
False
Is 44008532609 a composite number?
False
Is 661184437 composite?
False
Is 21343276657 a prime number?
True
Is 8077616903 composite?
True
Is 9153266566 composite?
True
Is 18682889 prime?
False
Is 64964668309 composite?
True
Is 2858153999 a prime number?
True
Is 2995857289 composite?
True
Is 13057900727 prime?
False
Is 591463993 a prime number?
False
Is 222258088543 prime?
True
Is 28234675257 a composite number?
True
Is 109591504487 a composite number?
False
Is 22659314757 prime?
False
Is 9791546579 composite?
False
Is 197500993 composite?
False
Is 397647